?
36
Calculate the remainder when 46 is divided by -2 + (-21)/(-2) - (-3)/(-6).
6
Suppose -158 = -7*l + 192. Let j be (-2 + 1 + 0)*-26. Suppose 0*m = -2*m + j. What is the remainder when l is divided by m?
11
Suppose 4*k + 0*k = 20. Suppose -k*d + 24 + 21 = 0. Calculate the remainder when 34 is divided by d.
7
Suppose 28 = -4*h + 8*h. Let u = h + 6. Calculate the remainder when 49 is divided by u.
10
Suppose -m - 4*m - 25 = 0, 0 = 2*h + 2*m - 24. Calculate the remainder when h is divided by 10.
7
Suppose -5*x + 3*b + 370 = 0, -b + 387 - 17 = 5*x. Calculate the remainder when x is divided by 21.
11
Suppose 159*n + 8 = 160*n. Let z = -3 - -3. Suppose -60 = -z*t - 2*t. Calculate the remainder when t is divided by n.
6
Suppose 138 + 123 = 3*m. What is the remainder when m is divided by 11?
10
Let m(a) = -a**3 - 13*a**2 - 2*a - 16. Calculate the remainder when 147/(-5 - -2)*-1 is divided by m(-13).
9
Let q = -5 + 5. Suppose 2*j = -q*f + 2*f + 4, 3*j = 5*f + 2. What is the remainder when 4 is divided by f?
0
Let u be 84/(-16) + 3/12. Let t = 2 - u. Let m = 7 + -4. What is the remainder when t is divided by m?
1
Suppose -s + 36 = -2*y, 3*s - 3*y - 116 = -y. Suppose r - 18 = s. What is the remainder when r is divided by 20?
18
Suppose -4*n + 4*g + 180 = 0, 0 = g - 0*g + 2. Suppose d = -3*l + n - 16, 0 = 3*d + 2*l - 60. What is the remainder when d is divided by 4?
2
Let a = 54 - -26. What is the remainder when a is divided by 21?
17
Let o = 7 - 73. Suppose 4*l - 12 = l. What is the remainder when ((-1)/3)/(2/o) is divided by l?
3
Let l(t) = 2*t - 2. Let x be l(-4). Let a be (-74)/(-10) + 4/x. Suppose z + 0*z = a. What is the remainder when z is divided by 4?
3
Suppose 13 + 3 = 2*g. Let i = 19 + g. Calculate the remainder when i is divided by 14.
13
Suppose 2*y = 3*v - 2, -2 = -2*v + 2*y - 0. Let n be 2/4*v/3. What is the remainder when 25 is divided by 1/(1/9 - n)?
7
Let d be 33/12 + 2/8. Suppose 18 = d*i - 0*i. Calculate the remainder when 13 is divided by 35/10 + i/4.
3
Let h be 2/(-10) - (-205)/25. Let r be (-405)/(-12) - (-2)/h. Suppose 0 = -3*u - 3*c + 30, 3*u - 2*c - r = -c. Calculate the remainder when 32 is divided by u.
10
Suppose 1 = 3*q - 5. What is the remainder when (-4 - -5)/(q/28) is divided by 8?
6
Let p = 166 - 92. What is the remainder when p is divided by 25?
24
Let f(v) = -v**3 - 3*v**2 + v. Let p be f(-2). Let g(o) = -5*o - 5. Calculate the remainder when g(p) is divided by 9/2*(-4)/(-2).
7
Suppose -16 = -2*l + 118. Let u = -22 + l. What is the remainder when u is divided by 16?
13
Let d(o) = o**3 - 11*o**2 - 12*o + 12. Let i be d(12). Let k = i + 1. Calculate the remainder when k is divided by 5.
3
Suppose 4*y + 3*z = 18, -4*z = -4*y + z + 34. Suppose 2*x = y + 8. Let o = -1 + 5. What is the remainder when x is divided by o?
3
Suppose -m - m + 26 = 0. Let u(z) = 5*z. What is the remainder when u(5) is divided by m?
12
Suppose 0 = 5*g - g - 3*z - 13, -14 = -5*g + 3*z. Calculate the remainder when 2 is divided by g.
0
What is the remainder when 61 is divided by (-6)/(-30) - 477/(-15)?
29
Suppose -3*x + h - 41 = 0, 0 = 5*x - x + h + 43. Calculate the remainder when 41 is divided by x/24 + (-86)/(-4).
20
Let m = 10 + 7. Calculate the remainder when m is divided by (-2)/(-3)*27/3.
5
Let v(n) = -n + 22. What is the remainder when 45 is divided by v(10)?
9
Suppose -7*r = -2*r - 55. Calculate the remainder when 52 is divided by r.
8
Suppose 0 = 2*k + 10, -4*p = -3*p - 2*k - 217. What is the remainder when p is divided by 30?
27
Let t = 69 - 39. Let a(r) = 3*r - 3. Let m be a(6). Let h = m + -7. What is the remainder when t is divided by h?
6
Let q be 15/10*(-8)/3. Let y = 7 - q. Suppose -y = 5*s - 41. What is the remainder when s is divided by 4?
2
Suppose 2*y - 89 = 3*h + 47, 4*h = 0. Suppose 0 = 2*w + j - 39 - 4, -2*w = 3*j - 37. What is the remainder when y is divided by w?
22
Suppose -14*p = -12*p - 34. What is the remainder when 32 is divided by p?
15
Let i be (66/9)/((-2)/(-6)). Suppose -2 + i = 4*o. Suppose 5*n + 4*v - 31 = 0, -2*n = -3*n + 2*v - 5. Calculate the remainder when o is divided by n.
2
Let w = -17 + -3. Let g be ((-8)/w)/((-2)/(-10)). Calculate the remainder when 25 is divided by (g - 16)/(1/(-1)).
11
Let o = -2 - -4. Let t(p) = p**2 + 9*p + 5. Let y be t(-9). Suppose k + y = o*k. What is the remainder when k is divided by 2?
1
Let j = -2 - -90. Let i = j - 56. Calculate the remainder when i is divided by 11.
10
Suppose 5*x - 4*p = -16, 5*x - x = 4*p - 16. Let i(t) = -t**3 + 5*t**2 - 4*t + 4. What is the remainder when i(4) is divided by (0 - -1)*(3 + x)?
1
Suppose -5*u + 110 = 3*n, -6*u - 198 = -5*n - 7*u. Let r(w) = -w. Let m be r(-2). Suppose -70 = -7*p + m*p. Calculate the remainder when n is divided by p.
12
Suppose -2*b + 26 = 2*t, 5*b + 19 = 2*t - 0*t. Let x(s) = -5*s + 1. What is the remainder when x(-4) is divided by t?
9
Let y be -2 + (-9 + 1)/(-1). Suppose -2*i - 8 = t - 6*i, -2*i - y = -3*t. Calculate the remainder when 14 is divided by t.
2
Let n(p) = p + 15. What is the remainder when 106 is divided by n(12)?
25
Suppose n = 5*m - 29, -3*n - 36 = -2*m - 14. Calculate the remainder when (-16 + -1)/(-3 + 2) is divided by m.
2
Let t = 81 + -18. What is the remainder when t is divided by 16?
15
Suppose -2*w + 2 + 40 = 2*l, -3*l + 5*w + 23 = 0. Let h = -1 + 3. Suppose 0 = h*t - 4*t + 62. What is the remainder when t is divided by l?
15
Let c(n) = -n**3 - n**2 - n - 5. Suppose 2*w + 4*r + 20 = r, -3*r = -4*w - 4. Let q(a) = a**2 + 2*a + 1. Calculate the remainder when c(w) is divided by q(-5).
15
Let k be 2*(-2)/(-4)*4. Calculate the remainder when k/((-8)/(-19))*4 is divided by 20.
18
Suppose -2*x + 13 = -x. Let v(b) = b**3 - 5*b**2 + 2*b - 3. Calculate the remainder when x is divided by v(5).
6
Let g(q) = -q**2 + 8*q - 4. What is the remainder when 9 is divided by g(7)?
0
Let u be 9/6*2/1. Suppose u*x + 2*x - 20 = 0. Let z = -1 + 3. Calculate the remainder when x is divided by z.
0
Suppose 2*f - 46 = 4*p, -2*f + f = -p - 25. What is the remainder when f is divided by 7?
6
Suppose 4*v - 2 = 2*u, 2 = u + u - 2*v. Let c be ((-1 - 0) + 2)*0. Suppose c = -3*o - 2*o + 25. What is the remainder when o is divided by u?
2
Let c be 7 + 1 + -1 + -2. Suppose 51 = c*q - m, 2*q - 2*m - 14 = 8. Calculate the remainder when 3/(3/41) - 2 is divided by q.
9
Suppose 2*h + 0*h - 94 = -5*o, 0 = -o - 5*h + 28. Let r = 24 - o. What is the remainder when 16 is divided by r?
4
Suppose 0 = 5*r + 2*q - q - 40, -3*q = 2*r - 3. Calculate the remainder when 44 is divided by r.
8
What is the remainder when (96/(-10))/(3/(-10)) is divided by 18?
14
Let u(d) = d**3 - 3*d**2 - 2*d + 2. Let z be u(3). Let v(c) = -c**2 - 4*c + 2. What is the remainder when 4 is divided by v(z)?
0
Let x = -3 - -6. Let w be ((-6)/4)/(24/32). Let i = x - w. What is the remainder when 8 is divided by i?
3
Let k = -20 + 57. Suppose -3*r - 5*m = -49, -2*r = -4*m + 3*m - k. Calculate the remainder when r is divided by 10.
8
Let i be 2*(-1)/2 - -11. Suppose 0 = 5*y - i*y + 5*u + 40, 5*y + 5*u = 20. What is the remainder when y is divided by 4?
2
What is the remainder when (-6)/4 + (-1687)/(-14) is divided by 24?
23
Suppose -56 = -3*z - z. Suppose 4*n - z - 50 = 0. Calculate the remainder when 29 is divided by n.
13
Let s = 0 + 3. Let k = s + 2. Let j = -1 + 4. What is the remainder when k is divided by j?
2
Suppose -107*j + 112*j - 55 = 0. Calculate the remainder when 74 is divided by j.
8
Let l(b) = b - 16. Let d be l(-12). What is the remainder when 32 is divided by 94/8 - 7/d?
8
Suppose -3*h + 19 = 4*t, 2*h - 3*t - 6 = -4*t. What is the remainder when (-35)/(-14)*6/15 is divided by h?
0
Suppose 0 = -2*k + u + 34, -4*k + 5*u - 13 + 93 = 0. Calculate the remainder when k is divided by 7.
1
Suppose -3*d = d - 176. Suppose 3*x = 5*m - 84, m + 2*x = 3*m - 36. Calculate the remainder when d is divided by m.
14
Suppose -2*j - 1 = 3. Let t(b) = 3*b + 1. Let g be t(5). What is the remainder when 19 is divided by (56/g)/(j/(-4))?
5
Let d = 2 - -1. Suppose -2 - d = 5*l. Let c = 7 + l. Calculate the remainder when 21 is divided by c.
3
Let m = 661 + -971. Let s be (m/25)/(2/(-10)). Let j = -40 + s. Calculate the remainder when j is divided by 12.
10
Let i = 2 - -7. Suppose